et u be ((-60)/y + (i - 1))*8. Calculate the highest common factor of u and 11.
11
Let h(w) = -10*w + 6215. Let y be h(164). What is the highest common factor of 25 and y?
25
Let c = 21167 - 12737. Calculate the greatest common divisor of 5 and c.
5
Suppose -5*n + 185 = -5*w, 0 = -n - 4*n + 2*w + 179. Let y = 132206 - 132196. What is the greatest common factor of y and n?
5
Let f be -246*91/(-42) + -8. Calculate the greatest common factor of 70 and f.
35
Suppose 8 = -4*k, 4 = 3*d - 2*k + 3*k. Let o(l) = l**3 + 9*l**2 + 15*l + 2. Let j be o(-7). Let f = j - -31. Calculate the highest common factor of f and d.
2
Suppose -20*s + 488 - 33 = -525. What is the highest common divisor of 392 and s?
49
Let j be 5/(100/392) - (-12)/30. What is the highest common divisor of j and 256?
4
Let v = -1892 - -5051. What is the highest common divisor of 13 and v?
13
Suppose -2*m + 84 = 2*c, 11*m + 3*c = 7*m + 169. What is the greatest common divisor of m and 7267?
43
Suppose -10738 - 30827 = -92*m + 4159. Calculate the greatest common divisor of m and 49.
7
Let b(q) = q**3 + 14*q**2 - 190*q - 135. Let u be b(-21). Calculate the highest common divisor of 4416 and u.
192
Let u(y) = y + 2. Let j be u(5). Let f be (8/((-16)/18))/((-1)/1). Suppose f*x = 19 + 44. Calculate the highest common divisor of x and j.
7
Let p = 875 + -303. Suppose -2*y + 78 + 78 = 0. Calculate the greatest common divisor of y and p.
26
Suppose 0 = 4*l - 4*h - 71 - 49, -144 = -5*l + 7*h. Suppose -7*m + 3*m + 572 = 0. Calculate the highest common divisor of m and l.
11
Suppose 9*s + 4050 = -1278. Let f = -482 - s. Calculate the greatest common divisor of 30 and f.
10
Suppose -626 = -9*l + 472. Suppose 0 = -r + 2*a + l, 2*r - 94*a + 91*a = 248. Let w = 11 - -2. What is the highest common factor of r and w?
13
Let w(j) = -j**3 - 80*j**2 + 76*j - 223. Let c be w(-81). What is the greatest common divisor of 7826 and c?
182
Let x be ((-26505)/(-18) + (-2)/4)*(-8 + 9). What is the greatest common divisor of 23 and x?
23
Suppose 0 = 4*s, -2*t = -2427*s + 2428*s - 234. Calculate the highest common divisor of t and 1924.
13
Suppose 11*n + 3*f = 15*n - 96, -3*n - 5*f + 72 = 0. Let l be n/(-10)*22/((-616)/11130). Calculate the greatest common divisor of l and 106.
106
Let o(j) = -4*j**3 - 135*j**2 + 317*j - 91. Let z be o(-36). Calculate the highest common divisor of z and 91.
7
Let u(n) = -n**3 + 7*n**2 + 2*n - 2. Let d be u(3). Suppose 3*v = -2*v + d. Suppose 15 = -12*x + 27. Calculate the greatest common factor of x and v.
1
Suppose -2*g + 2*m + 12370 = 0, 5*m = 87*g - 92*g + 30975. What is the highest common factor of 20 and g?
10
Let v = -1160 - -1181. Let u = -4 - -10. What is the highest common factor of u and v?
3
Let x = -3182 + 3209. What is the highest common divisor of 129 and x?
3
Let n = 34 + -63. Let l = -43 - n. Let g be -4 - (-7)/(l/(-160)). What is the highest common factor of g and 19?
19
Let x be (-624)/36*(3 - 6). Let h = 5 - 1. Calculate the greatest common divisor of h and x.
4
Suppose 3*m + 18*b - 13*b = 334, -m - 5*b = -118. What is the highest common factor of 1026 and m?
54
Let q = 16175 + -15991. Calculate the greatest common divisor of q and 200.
8
Let s = 10528 + -6343. What is the highest common factor of s and 93?
93
Let g(u) = u**3 - 11*u**2 + 28*u - 4. Let b be g(8). Let h be (156/(-9))/(b/(-42)). What is the greatest common factor of 247 and h?
13
Let a be (90/(-20))/((-6)/8). Suppose 0 = w - a + 3. Suppose 3*j + 309 = w*s, 0 = -4*s + j + j + 414. Calculate the greatest common divisor of 13 and s.
13
Suppose -2*x - 100 = -7*x. Let l = 36684 + -36640. What is the highest common factor of x and l?
4
Let p be 500/3*15/5. Suppose 0 = 2*z, 0*j + z = 4*j + 4*z - 80. Calculate the greatest common factor of p and j.
20
Let k(w) = 8*w + 82. Let s be k(-41). Let f = s + 250. What is the highest common divisor of 26 and f?
2
Let y = 34002 + -33988. Let q(v) = 421*v - 1. Let d be q(1). Calculate the highest common factor of d and y.
14
Let b be 456 + (384/(-40) + 9 - (-4)/(-10)). Calculate the highest common divisor of b and 2015.
65
Let u = 82 + -79. Suppose 0 = -u*i - 2*i + 165. Let r(z) = -5*z**2 - 34*z + 10. Let b be r(-7). What is the greatest common factor of i and b?
3
Let g(k) = -3*k**2 - 18*k + 134. Let n(m) = -14*m**2 - 72*m + 538. Let t(s) = 9*g(s) - 2*n(s). Let z be t(8). Calculate the highest common divisor of z and 25.
25
Let j = 144 - 139. Let a = 35 - 33. Suppose -a*v = j*v - 462. Calculate the highest common divisor of v and 99.
33
Suppose -295 = -0*t + 5*t + 2*a, 0 = -4*t - 5*a - 253. Let u = t - -89. Calculate the greatest common factor of 80 and u.
16
Suppose -2*u + 2 = -6, 2*a = -4*u + 1674. Let v be a + (10 - 3) + -4. Calculate the greatest common factor of v and 64.
64
Let p = -7454 - -18410. Calculate the highest common factor of p and 22.
22
Suppose -5*t - 4*l + 5 = 0, -11*t + 15*t + 4*l = 0. Suppose t*i - 267 = -112. Calculate the highest common factor of i and 155.
31
Let x = -2174 + 2255. What is the greatest common divisor of x and 1593?
27
Suppose 2*y + 459 - 2471 = 0. Suppose 12*d + 190 = y. What is the highest common factor of d and 4?
4
Let l be (-1 + 22)/(1/9). Let v = 1178 + -1187. Let q be v*(7 - (-168)/(-18)). What is the highest common divisor of q and l?
21
Let k be 2/3*(-4 + (-253)/(-22)). What is the greatest common divisor of k and 245?
5
Suppose -3*t + 91 = 88, 0 = 3*q - 4*t - 326. What is the greatest common divisor of q and 19910?
110
Suppose -2*n - 4*w + 163 = 107, -2*w - 32 = -5*n. Calculate the highest common factor of 7875 and n.
5
Let o be 3/1 + 18/2. Suppose -4*i + 60 = -o. Let a be i/(-12) - (-123)/2. Calculate the highest common divisor of 20 and a.
20
Suppose -2*x + 5*x = 0. Suppose 2*z - 27 - 83 = x. Suppose 39 = 2*k - v, -4*k - v + 21 = -72. Calculate the greatest common factor of k and z.
11
Let g be (1224/(-85))/((-3)/(-140)). Let s be 4/((12/(-10))/(g/320)). Let j = -2 - -3. Calculate the greatest common factor of s and j.
1
Let p(v) = 4*v - 12. Let n be p(3). Suppose n = 50*x - 52*x + 8. Suppose -r = -x*o - 2*r + 302, 3*o = r + 223. What is the highest common factor of 30 and o?
15
Let s = 25988 + -24360. Calculate the highest common divisor of 748 and s.
44
Let j(d) = -4*d**2 - 16*d - 3. Let g(y) = 7*y**2 + 32*y + 4. Let k(r) = -3*g(r) - 5*j(r). Let o be k(-9). What is the greatest common factor of o and 264?
66
Suppose 0 = 2*m - 5 - 1. Let z be 11 + 2*m/(-2). Let w(g) = g**3 - 7*g**2 - 6*g + 8. Let n be w(z). Calculate the greatest common divisor of 24 and n.
24
Let m(a) = -2*a**2 - 10*a + 24. Suppose -8 = 2*j + 2*t, 5*j - 23*t + 18*t + 10 = 0. Let h be m(j). Calculate the highest common divisor of 60 and h.
12
Let i = -3883 - -5093. Calculate the highest common divisor of i and 77.
11
Let o be 1/((2/33)/2). Suppose u = 2*u - o. Let x be (-232)/(-174)*(4 - 56/32). What is the greatest common factor of x and u?
3
Suppose u + 29 = 32, -3*u = 3*l - 42. Let p be ((-33)/5)/(3/(-30)). Suppose 0 = -3*s - 0*s + p. What is the highest common divisor of s and l?
11
Let q be 3*((-4)/10 - (-153)/45). Suppose -q*i + 6*i = -252. Suppose s + 4*a - 3*a = 46, i = 2*s - 2*a. Calculate the highest common factor of 4 and s.
4
Let f be 1/(2/(-360)*-2). Let x be 36*(24/20)/((-72)/(-30)). Calculate the highest common divisor of x and f.
18
Let w be (-24)/(-7)*(-35)/(-2). Let v be -10*1*-2 - 1. Let i = v - -5. What is the greatest common divisor of w and i?
12
Let o(z) = -9*z - 3. Let s be o(-3). Let d be (54 + -2 - 0)*2. Calculate the highest common divisor of d and s.
8
Suppose 3373 = 5*g + 3*k, -124*g + 120*g - k = -2711. Calculate the greatest common divisor of 3128 and g.
136
Suppose 37088 = 145*u - 131*u + 5*n, 2*u = -5*n + 5264. Calculate the highest common factor of 34 and u.
34
Suppose 2*w - 118 = -68. Suppose 22*j - w*j = -39. Calculate the greatest common divisor of j and 26.
13
Let w = 366 + -374. Let t be (210/(-24) - 6/(-8))*w. What is the greatest common divisor of t and 432?
16
Suppose -9800 = -24*k - 11*k. Suppose 0 = 5*c + 5*m - k, 9*c + 3*m - 228 = 5*c. What is the greatest common factor of 60 and c?
60
Let a be (-194 - -194) + (3 - 2/2). Suppose a*u - 30 = 124. Calculate the highest common divisor of u and 99.
11
Let l